{"id":551,"date":"2022-05-25T12:31:10","date_gmt":"2022-05-25T12:31:10","guid":{"rendered":"http:\/\/rp221.com\/?page_id=551"},"modified":"2026-05-04T12:06:20","modified_gmt":"2026-05-04T12:06:20","slug":"dossiers","status":"publish","type":"page","link":"https:\/\/rp221.com\/?page_id=551","title":{"rendered":"Dossiers"},"content":{"rendered":"<p><div class=\"et_d4_element et_pb_section et_pb_section_0 et_pb_with_background  et_pb_css_mix_blend_mode et_section_regular et_block_section\" >\n\t\t\t\t\n\t\t\t\t\n\t\t\t\t\n\t\t\t\t\n\t\t\t\t\n\t\t\t\t\n\t\t\t\t<div class=\"et_d4_element et_pb_row et_pb_row_0  et_pb_css_mix_blend_mode et_block_row\">\n\t\t\t\t<div class=\"et_d4_element et_pb_column_4_4 et_pb_column et_pb_column_0  et_pb_css_mix_blend_mode et-last-child et_block_column\">\n\t\t\t\t\n\t\t\t\t\n\t\t\t\t\n\t\t\t\t\n\t\t\t\t<div class=\"et_pb_module et_d4_element et_pb_text et_pb_text_0  et_pb_text_align_left et_pb_bg_layout_light\">\n\t\t\t\t\n\t\t\t\t\n\t\t\t\t\n\t\t\t\t\n\t\t\t\t<div class=\"et_pb_text_inner\"><h2 style=\"text-align: center;\"><em><span style=\"color: #ffffff;\">Votre temps est pr\u00e9cieux, lisez l'essentiel de l'actualit\u00e9 sur rp221.com<\/span><\/em><\/h2><\/div>\n\t\t\t<\/div>\n\t\t\t<\/div>\n\t\t\t\t\n\t\t\t\t\n\t\t\t\t\n\t\t\t\t\n\t\t\t<\/div>\n\t\t\t\t\n\t\t\t\t\n\t\t\t<\/div><div class=\"et_d4_element et_pb_section et_pb_section_1  et_pb_css_mix_blend_mode et_section_regular et_block_section\" >\n\t\t\t\t\n\t\t\t\t\n\t\t\t\t\n\t\t\t\t\n\t\t\t\t\n\t\t\t\t\n\t\t\t\t<div class=\"et_d4_element et_pb_row et_pb_row_1  et_pb_css_mix_blend_mode et_block_row\">\n\t\t\t\t<div class=\"et_d4_element et_pb_column_1_2 et_pb_column et_pb_column_1  et_pb_css_mix_blend_mode et_block_column\">\n\t\t\t\t\n\t\t\t\t\n\t\t\t\t\n\t\t\t\t\n\t\t\t\t<div class=\"et_pb_module et_d4_element et_pb_blog_0  et_pb_css_mix_blend_mode et_pb_posts et_pb_bg_layout_light \">\n\t\t\t\t\n\t\t\t\t\n\t\t\t\t\n\t\t\t\t\n\t\t\t\t<div class=\"et_pb_ajax_pagination_container\">\n\t\t\t\t\t\n\t\t\t<article id=\"post-41777\" class=\"et_pb_post clearfix et_pb_blog_item_0_0 post-41777 post type-post status-publish format-standard has-post-thumbnail hentry category-dossiers\">\n\n\t\t\t\t<a href=\"https:\/\/rp221.com\/?p=41777\" class=\"entry-featured-image-url\"><img loading=\"lazy\" decoding=\"async\" src=\"https:\/\/rp221.com\/wp-content\/uploads\/2026\/08\/97722513-68032328-1.jpg\" alt=\"ESPORTS NATIONS CUP 2026 : DEXX JUNIOR QUALIFI\u00c9, LE S\u00c9N\u00c9GAL SERA REPR\u00c9SENT\u00c9 \u00c0 RIYAD\" class=\"\" width=\"1080\" height=\"675\" srcset=\"https:\/\/rp221.com\/wp-content\/uploads\/2026\/08\/97722513-68032328-1.jpg 1080w, https:\/\/rp221.com\/wp-content\/uploads\/2026\/08\/97722513-68032328-1-480x270.jpg 480w\" sizes=\"(min-width: 0px) and (max-width: 480px) 480px, (min-width: 481px) 1080px, 100vw\" \/><\/a>\n\t\t\t\t\t\t\t\t\t\t\t\t\t\t<h2 class=\"entry-title\">\n\t\t\t\t\t\t\t\t\t\t\t\t\t<a href=\"https:\/\/rp221.com\/?p=41777\">ESPORTS NATIONS CUP 2026 : DEXX JUNIOR QUALIFI\u00c9, LE S\u00c9N\u00c9GAL SERA REPR\u00c9SENT\u00c9 \u00c0 RIYAD<\/a>\n\t\t\t\t\t\t\t\t\t\t\t<\/h2>\n\t\t\t\t\n\t\t\t\t\t<p class=\"post-meta\"><span class=\"published\">18 Ao\u00fbt 2026<\/span> | <a href=\"https:\/\/rp221.com\/?cat=46\" rel=\"tag\">Dossiers<\/a><\/p><div class=\"post-content\"><div class=\"post-content-inner\"><p>e S\u00e9n\u00e9gal sera pr\u00e9sent \u00e0 l\u2019Esports Nations Cup (ENC) 2026, pr\u00e9vue en novembre \u00e0 Riyad, en Arabie saoudite. Le joueur s\u00e9n\u00e9galais Dexx Junior a d\u00e9croch\u00e9 sa qualification \u00e0 l\u2019issue des \u00e9liminatoires africaines disput\u00e9es les 15 et 16 ao\u00fbt sur EA FC. Les meilleurs joueurs...<\/p>\n<\/div><\/div>\t\t\t\n\t\t\t<\/article>\n\t\t\t\t\n\t\t\t<article id=\"post-41650\" class=\"et_pb_post clearfix et_pb_blog_item_0_1 post-41650 post type-post status-publish format-standard has-post-thumbnail hentry category-dossiers\">\n\n\t\t\t\t<a href=\"https:\/\/rp221.com\/?p=41650\" class=\"entry-featured-image-url\"><img loading=\"lazy\" decoding=\"async\" src=\"https:\/\/rp221.com\/wp-content\/uploads\/2026\/08\/prison-rebeuss.jpeg.webp\" alt=\"Prisons : fin de la fouille \u00e0 nu des d\u00e9tenus \u00e0 l\u2019admission\" class=\"\" width=\"1080\" height=\"675\" srcset=\"https:\/\/rp221.com\/wp-content\/uploads\/2026\/08\/prison-rebeuss.jpeg.webp 1080w, https:\/\/rp221.com\/wp-content\/uploads\/2026\/08\/prison-rebeuss.jpeg-480x327.webp 480w\" sizes=\"(min-width: 0px) and (max-width: 480px) 480px, (min-width: 481px) 1080px, 100vw\" \/><\/a>\n\t\t\t\t\t\t\t\t\t\t\t\t\t\t<h2 class=\"entry-title\">\n\t\t\t\t\t\t\t\t\t\t\t\t\t<a href=\"https:\/\/rp221.com\/?p=41650\">Prisons : fin de la fouille \u00e0 nu des d\u00e9tenus \u00e0 l\u2019admission<\/a>\n\t\t\t\t\t\t\t\t\t\t\t<\/h2>\n\t\t\t\t\n\t\t\t\t\t<p class=\"post-meta\"><span class=\"published\">10 Ao\u00fbt 2026<\/span> | <a href=\"https:\/\/rp221.com\/?cat=46\" rel=\"tag\">Dossiers<\/a><\/p><div class=\"post-content\"><div class=\"post-content-inner\"><p>L\u2019Administration p\u00e9nitentiaire met fin \u00e0 la pratique de la fouille \u00e0 nu des d\u00e9tenus \u00e0 leur admission dans les \u00e9tablissements p\u00e9nitentiaires. Une note de service du directeur g\u00e9n\u00e9ral de l\u2019Administration p\u00e9nitentiaire, l\u2019inspecteur Aliou Ciss, rappelle que cette mesure,...<\/p>\n<\/div><\/div>\t\t\t\n\t\t\t<\/article>\n\t\t\t\t<div><div class=\"pagination clearfix\">\n\t<div class=\"alignleft\"><a href=\"https:\/\/rp221.com\/index.php?rest_route=%2Fwp%2Fv2%2Fpages%2F551&#038;paged=2&#038;et_blog\" >&laquo; Entr\u00e9es Plus Anciennes<\/a><\/div>\n\t<div class=\"alignright\"><\/div>\n<\/div><\/div><\/div>\n\t\t\t\t<\/div>\n\t\t\t\t \n\t\t\t<\/div><div class=\"et_d4_element et_pb_column_1_2 et_pb_column et_pb_column_2  et_pb_css_mix_blend_mode et-last-child et_block_column\">\n\t\t\t\t\n\t\t\t\t\n\t\t\t\t\n\t\t\t\t\n\t\t\t\t<div class=\"et_pb_module et_d4_element et_pb_blog_1  et_pb_css_mix_blend_mode et_pb_posts et_pb_bg_layout_light \">\n\t\t\t\t\n\t\t\t\t\n\t\t\t\t\n\t\t\t\t\n\t\t\t\t<div class=\"et_pb_ajax_pagination_container\">\n\t\t\t\t\t\n\t\t\t<article id=\"post-41650\" class=\"et_pb_post clearfix et_pb_blog_item_1_0 post-41650 post type-post status-publish format-standard has-post-thumbnail hentry category-dossiers\">\n\n\t\t\t\t<a href=\"https:\/\/rp221.com\/?p=41650\" class=\"entry-featured-image-url\"><img loading=\"lazy\" decoding=\"async\" src=\"https:\/\/rp221.com\/wp-content\/uploads\/2026\/08\/prison-rebeuss.jpeg.webp\" alt=\"Prisons : fin de la fouille \u00e0 nu des d\u00e9tenus \u00e0 l\u2019admission\" class=\"\" width=\"1080\" height=\"675\" srcset=\"https:\/\/rp221.com\/wp-content\/uploads\/2026\/08\/prison-rebeuss.jpeg.webp 1080w, https:\/\/rp221.com\/wp-content\/uploads\/2026\/08\/prison-rebeuss.jpeg-480x327.webp 480w\" sizes=\"(min-width: 0px) and (max-width: 480px) 480px, (min-width: 481px) 1080px, 100vw\" \/><\/a>\n\t\t\t\t\t\t\t\t\t\t\t\t\t\t<h2 class=\"entry-title\">\n\t\t\t\t\t\t\t\t\t\t\t\t\t<a href=\"https:\/\/rp221.com\/?p=41650\">Prisons : fin de la fouille \u00e0 nu des d\u00e9tenus \u00e0 l\u2019admission<\/a>\n\t\t\t\t\t\t\t\t\t\t\t<\/h2>\n\t\t\t\t\n\t\t\t\t\t<p class=\"post-meta\">par <span class=\"author vcard\"><a href=\"https:\/\/rp221.com\/?author=1\" title=\"Articles par Ado\" rel=\"author\">Ado<\/a><\/span> | <span class=\"published\">10 Ao\u00fbt 2026<\/span> | <a href=\"https:\/\/rp221.com\/?cat=46\" rel=\"tag\">Dossiers<\/a><\/p><div class=\"post-content\"><div class=\"post-content-inner\"><p>L\u2019Administration p\u00e9nitentiaire met fin \u00e0 la pratique de la fouille \u00e0 nu des d\u00e9tenus \u00e0 leur admission dans les \u00e9tablissements p\u00e9nitentiaires. Une note de service du directeur g\u00e9n\u00e9ral de l\u2019Administration p\u00e9nitentiaire, l\u2019inspecteur Aliou Ciss, rappelle que cette mesure,...<\/p>\n<\/div><\/div>\t\t\t\n\t\t\t<\/article>\n\t\t\t\t\n\t\t\t<article id=\"post-41594\" class=\"et_pb_post clearfix et_pb_blog_item_1_1 post-41594 post type-post status-publish format-standard has-post-thumbnail hentry category-dossiers\">\n\n\t\t\t\t<a href=\"https:\/\/rp221.com\/?p=41594\" class=\"entry-featured-image-url\"><img loading=\"lazy\" decoding=\"async\" src=\"https:\/\/rp221.com\/wp-content\/uploads\/2026\/08\/IMG_3701-1080x675.jpeg\" alt=\"LA CAF ET L\u2019UCAD MISENT SUR LA FORMATION POUR TRANSFORMER LA GOUVERNANCE DU FOOTBALL AFRICAIN\" class=\"\" width=\"1080\" height=\"675\" srcset=\"https:\/\/rp221.com\/wp-content\/uploads\/2026\/08\/IMG_3701-1080x675.jpeg 1080w, https:\/\/rp221.com\/wp-content\/uploads\/2026\/08\/IMG_3701-980x653.jpeg 980w, https:\/\/rp221.com\/wp-content\/uploads\/2026\/08\/IMG_3701-480x320.jpeg 480w\" sizes=\"(min-width: 0px) and (max-width: 480px) 480px, (min-width: 481px) and (max-width: 980px) 980px, (min-width: 981px) 1080px, 100vw\" \/><\/a>\n\t\t\t\t\t\t\t\t\t\t\t\t\t\t<h2 class=\"entry-title\">\n\t\t\t\t\t\t\t\t\t\t\t\t\t<a href=\"https:\/\/rp221.com\/?p=41594\">LA CAF ET L\u2019UCAD MISENT SUR LA FORMATION POUR TRANSFORMER LA GOUVERNANCE DU FOOTBALL AFRICAIN<\/a>\n\t\t\t\t\t\t\t\t\t\t\t<\/h2>\n\t\t\t\t\n\t\t\t\t\t<p class=\"post-meta\">par <span class=\"author vcard\"><a href=\"https:\/\/rp221.com\/?author=1\" title=\"Articles par Ado\" rel=\"author\">Ado<\/a><\/span> | <span class=\"published\">6 Ao\u00fbt 2026<\/span> | <a href=\"https:\/\/rp221.com\/?cat=46\" rel=\"tag\">Dossiers<\/a><\/p><div class=\"post-content\"><div class=\"post-content-inner\"><p>La Conf\u00e9d\u00e9ration africaine de football (CAF) franchit une nouvelle \u00e9tape dans sa strat\u00e9gie de professionnalisation des instances dirigeantes du football africain. En partenariat avec l\u2019Universit\u00e9 Cheikh Anta Diop (UCAD) de Dakar, l\u2019instance continentale a achev\u00e9 la...<\/p>\n<\/div><\/div>\t\t\t\n\t\t\t<\/article>\n\t\t\t\t<div><div class=\"pagination clearfix\">\n\t<div class=\"alignleft\"><a href=\"https:\/\/rp221.com\/index.php?rest_route=%2Fwp%2Fv2%2Fpages%2F551&#038;paged=2&#038;et_blog\" >&laquo; Entr\u00e9es Plus Anciennes<\/a><\/div>\n\t<div class=\"alignright\"><\/div>\n<\/div><\/div><\/div>\n\t\t\t\t<\/div>\n\t\t\t\t \n\t\t\t<\/div>\n\t\t\t\t\n\t\t\t\t\n\t\t\t\t\n\t\t\t\t\n\t\t\t<\/div>\n\t\t\t\t\n\t\t\t\t\n\t\t\t<\/div><\/p>\n","protected":false},"excerpt":{"rendered":"","protected":false},"author":1,"featured_media":0,"parent":0,"menu_order":0,"comment_status":"closed","ping_status":"closed","template":"","meta":{"_et_pb_use_builder":"on","_et_pb_old_content":"","_et_gb_content_width":"","footnotes":""},"class_list":["post-551","page","type-page","status-publish","hentry"],"jetpack_sharing_enabled":true,"_links":{"self":[{"href":"https:\/\/rp221.com\/index.php?rest_route=\/wp\/v2\/pages\/551","targetHints":{"allow":["GET"]}}],"collection":[{"href":"https:\/\/rp221.com\/index.php?rest_route=\/wp\/v2\/pages"}],"about":[{"href":"https:\/\/rp221.com\/index.php?rest_route=\/wp\/v2\/types\/page"}],"author":[{"embeddable":true,"href":"https:\/\/rp221.com\/index.php?rest_route=\/wp\/v2\/users\/1"}],"replies":[{"embeddable":true,"href":"https:\/\/rp221.com\/index.php?rest_route=%2Fwp%2Fv2%2Fcomments&post=551"}],"version-history":[{"count":0,"href":"https:\/\/rp221.com\/index.php?rest_route=\/wp\/v2\/pages\/551\/revisions"}],"wp:attachment":[{"href":"https:\/\/rp221.com\/index.php?rest_route=%2Fwp%2Fv2%2Fmedia&parent=551"}],"curies":[{"name":"wp","href":"https:\/\/api.w.org\/{rel}","templated":true}]}}

<p><div class="et_d4_element et_pb_section et_pb_section_0 et_pb_with_background  et_pb_css_mix_blend_mode et_section_regular et_block_section" >
				
				
				
				
				
				
				<div class="et_d4_element et_pb_row et_pb_row_0  et_pb_css_mix_blend_mode et_block_row">
				<div class="et_d4_element et_pb_column_4_4 et_pb_column et_pb_column_0  et_pb_css_mix_blend_mode et-last-child et_block_column">
				
				
				
				
				<div class="et_pb_module et_d4_element et_pb_text et_pb_text_0  et_pb_text_align_left et_pb_bg_layout_light">
				
				
				
				
				<div class="et_pb_text_inner"><h2 style="text-align: center;"><em><span style="color: #ffffff;">Votre temps est précieux, lisez l'essentiel de l'actualité sur rp221.com</span></em></h2></div>
			</div>
			</div>
				
				
				
				
			</div>
				
				
			</div><div class="et_d4_element et_pb_section et_pb_section_1  et_pb_css_mix_blend_mode et_section_regular et_block_section" >
				
				
				
				
				
				
				<div class="et_d4_element et_pb_row et_pb_row_1  et_pb_css_mix_blend_mode et_block_row">
				<div class="et_d4_element et_pb_column_1_2 et_pb_column et_pb_column_1  et_pb_css_mix_blend_mode et_block_column">
				
				
				
				
				<div class="et_pb_module et_d4_element et_pb_blog_0  et_pb_css_mix_blend_mode et_pb_posts et_pb_bg_layout_light ">
				
				
				
				
				<div class="et_pb_ajax_pagination_container">
					
			<article id="post-41777" class="et_pb_post clearfix et_pb_blog_item_0_0 post-41777 post type-post status-publish format-standard has-post-thumbnail hentry category-dossiers">

				<a href="https://rp221.com/?p=41777" class="entry-featured-image-url"><img loading="lazy" decoding="async" src="https://rp221.com/wp-content/uploads/2026/08/97722513-68032328-1.jpg" alt="ESPORTS NATIONS CUP 2026 : DEXX JUNIOR QUALIFIÉ, LE SÉNÉGAL SERA REPRÉSENTÉ À RIYAD" class="" width="1080" height="675" srcset="https://rp221.com/wp-content/uploads/2026/08/97722513-68032328-1.jpg 1080w, https://rp221.com/wp-content/uploads/2026/08/97722513-68032328-1-480x270.jpg 480w" sizes="(min-width: 0px) and (max-width: 480px) 480px, (min-width: 481px) 1080px, 100vw" /></a>
														<h2 class="entry-title">
													<a href="https://rp221.com/?p=41777">ESPORTS NATIONS CUP 2026 : DEXX JUNIOR QUALIFIÉ, LE SÉNÉGAL SERA REPRÉSENTÉ À RIYAD</a>
											</h2>
				
					<p class="post-meta"><span class="published">18 Août 2026</span> | <a href="https://rp221.com/?cat=46" rel="tag">Dossiers</a></p><div class="post-content"><div class="post-content-inner"><p>e Sénégal sera présent à l’Esports Nations Cup (ENC) 2026, prévue en novembre à Riyad, en Arabie saoudite. Le joueur sénégalais Dexx Junior a décroché sa qualification à l’issue des éliminatoires africaines disputées les 15 et 16 août sur EA FC. Les meilleurs joueurs...</p>
</div></div>			
			</article>
				
			<article id="post-41650" class="et_pb_post clearfix et_pb_blog_item_0_1 post-41650 post type-post status-publish format-standard has-post-thumbnail hentry category-dossiers">

				<a href="https://rp221.com/?p=41650" class="entry-featured-image-url"><img loading="lazy" decoding="async" src="https://rp221.com/wp-content/uploads/2026/08/prison-rebeuss.jpeg.webp" alt="Prisons : fin de la fouille à nu des détenus à l’admission" class="" width="1080" height="675" srcset="https://rp221.com/wp-content/uploads/2026/08/prison-rebeuss.jpeg.webp 1080w, https://rp221.com/wp-content/uploads/2026/08/prison-rebeuss.jpeg-480x327.webp 480w" sizes="(min-width: 0px) and (max-width: 480px) 480px, (min-width: 481px) 1080px, 100vw" /></a>
														<h2 class="entry-title">
													<a href="https://rp221.com/?p=41650">Prisons : fin de la fouille à nu des détenus à l’admission</a>
											</h2>
				
					<p class="post-meta"><span class="published">10 Août 2026</span> | <a href="https://rp221.com/?cat=46" rel="tag">Dossiers</a></p><div class="post-content"><div class="post-content-inner"><p>L’Administration pénitentiaire met fin à la pratique de la fouille à nu des détenus à leur admission dans les établissements pénitentiaires. Une note de service du directeur général de l’Administration pénitentiaire, l’inspecteur Aliou Ciss, rappelle que cette mesure,...</p>
</div></div>			
			</article>
				<div><div class="pagination clearfix">
	<div class="alignleft"><a href="https://rp221.com/index.php?rest_route=%2Fwp%2Fv2%2Fpages%2F551&#038;paged=2&#038;et_blog" >&laquo; Entrées Plus Anciennes</a></div>
	<div class="alignright"></div>
</div></div></div>
				</div>
				 
			</div><div class="et_d4_element et_pb_column_1_2 et_pb_column et_pb_column_2  et_pb_css_mix_blend_mode et-last-child et_block_column">
				
				
				
				
				<div class="et_pb_module et_d4_element et_pb_blog_1  et_pb_css_mix_blend_mode et_pb_posts et_pb_bg_layout_light ">
				
				
				
				
				<div class="et_pb_ajax_pagination_container">
					
			<article id="post-41650" class="et_pb_post clearfix et_pb_blog_item_1_0 post-41650 post type-post status-publish format-standard has-post-thumbnail hentry category-dossiers">

				<a href="https://rp221.com/?p=41650" class="entry-featured-image-url"><img loading="lazy" decoding="async" src="https://rp221.com/wp-content/uploads/2026/08/prison-rebeuss.jpeg.webp" alt="Prisons : fin de la fouille à nu des détenus à l’admission" class="" width="1080" height="675" srcset="https://rp221.com/wp-content/uploads/2026/08/prison-rebeuss.jpeg.webp 1080w, https://rp221.com/wp-content/uploads/2026/08/prison-rebeuss.jpeg-480x327.webp 480w" sizes="(min-width: 0px) and (max-width: 480px) 480px, (min-width: 481px) 1080px, 100vw" /></a>
														<h2 class="entry-title">
													<a href="https://rp221.com/?p=41650">Prisons : fin de la fouille à nu des détenus à l’admission</a>
											</h2>
				
					<p class="post-meta">par <span class="author vcard"><a href="https://rp221.com/?author=1" title="Articles par Ado" rel="author">Ado</a></span> | <span class="published">10 Août 2026</span> | <a href="https://rp221.com/?cat=46" rel="tag">Dossiers</a></p><div class="post-content"><div class="post-content-inner"><p>L’Administration pénitentiaire met fin à la pratique de la fouille à nu des détenus à leur admission dans les établissements pénitentiaires. Une note de service du directeur général de l’Administration pénitentiaire, l’inspecteur Aliou Ciss, rappelle que cette mesure,...</p>
</div></div>			
			</article>
				
			<article id="post-41594" class="et_pb_post clearfix et_pb_blog_item_1_1 post-41594 post type-post status-publish format-standard has-post-thumbnail hentry category-dossiers">

				<a href="https://rp221.com/?p=41594" class="entry-featured-image-url"><img loading="lazy" decoding="async" src="https://rp221.com/wp-content/uploads/2026/08/IMG_3701-1080x675.jpeg" alt="LA CAF ET L’UCAD MISENT SUR LA FORMATION POUR TRANSFORMER LA GOUVERNANCE DU FOOTBALL AFRICAIN" class="" width="1080" height="675" srcset="https://rp221.com/wp-content/uploads/2026/08/IMG_3701-1080x675.jpeg 1080w, https://rp221.com/wp-content/uploads/2026/08/IMG_3701-980x653.jpeg 980w, https://rp221.com/wp-content/uploads/2026/08/IMG_3701-480x320.jpeg 480w" sizes="(min-width: 0px) and (max-width: 480px) 480px, (min-width: 481px) and (max-width: 980px) 980px, (min-width: 981px) 1080px, 100vw" /></a>
														<h2 class="entry-title">
													<a href="https://rp221.com/?p=41594">LA CAF ET L’UCAD MISENT SUR LA FORMATION POUR TRANSFORMER LA GOUVERNANCE DU FOOTBALL AFRICAIN</a>
											</h2>
				
					<p class="post-meta">par <span class="author vcard"><a href="https://rp221.com/?author=1" title="Articles par Ado" rel="author">Ado</a></span> | <span class="published">6 Août 2026</span> | <a href="https://rp221.com/?cat=46" rel="tag">Dossiers</a></p><div class="post-content"><div class="post-content-inner"><p>La Confédération africaine de football (CAF) franchit une nouvelle étape dans sa stratégie de professionnalisation des instances dirigeantes du football africain. En partenariat avec l’Université Cheikh Anta Diop (UCAD) de Dakar, l’instance continentale a achevé la...</p>
</div></div>			
			</article>
				<div><div class="pagination clearfix">
	<div class="alignleft"><a href="https://rp221.com/index.php?rest_route=%2Fwp%2Fv2%2Fpages%2F551&#038;paged=2&#038;et_blog" >&laquo; Entrées Plus Anciennes</a></div>
	<div class="alignright"></div>
</div></div></div>
				</div>
				 
			</div>
				
				
				
				
			</div>
				
				
			</div></p>
