{"id":545,"date":"2022-05-25T12:29:52","date_gmt":"2022-05-25T12:29:52","guid":{"rendered":"http:\/\/rp221.com\/?page_id=545"},"modified":"2026-05-04T12:04:05","modified_gmt":"2026-05-04T12:04:05","slug":"social","status":"publish","type":"page","link":"https:\/\/rp221.com\/?page_id=545","title":{"rendered":"Social"},"content":{"rendered":"<p><div class=\"et_d4_element et_pb_section et_pb_section_0 et_pb_with_background  et_pb_css_mix_blend_mode et_section_regular et_block_section\" >\n\t\t\t\t\n\t\t\t\t\n\t\t\t\t\n\t\t\t\t\n\t\t\t\t\n\t\t\t\t\n\t\t\t\t<div class=\"et_d4_element et_pb_row et_pb_row_0  et_pb_css_mix_blend_mode et_block_row\">\n\t\t\t\t<div class=\"et_d4_element et_pb_column_4_4 et_pb_column et_pb_column_0  et_pb_css_mix_blend_mode et-last-child et_block_column\">\n\t\t\t\t\n\t\t\t\t\n\t\t\t\t\n\t\t\t\t\n\t\t\t\t<div class=\"et_pb_module et_d4_element et_pb_text et_pb_text_0  et_pb_text_align_left et_pb_bg_layout_light\">\n\t\t\t\t\n\t\t\t\t\n\t\t\t\t\n\t\t\t\t\n\t\t\t\t<div class=\"et_pb_text_inner\"><h2 style=\"text-align: center;\"><em><span style=\"color: #ffffff;\">Votre temps est pr\u00e9cieux, lisez l'essentiel de l'actualit\u00e9 sur rp221.com<\/span><\/em><\/h2><\/div>\n\t\t\t<\/div>\n\t\t\t<\/div>\n\t\t\t\t\n\t\t\t\t\n\t\t\t\t\n\t\t\t\t\n\t\t\t<\/div>\n\t\t\t\t\n\t\t\t\t\n\t\t\t<\/div><div class=\"et_d4_element et_pb_section et_pb_section_1  et_pb_css_mix_blend_mode et_section_regular et_block_section\" >\n\t\t\t\t\n\t\t\t\t\n\t\t\t\t\n\t\t\t\t\n\t\t\t\t\n\t\t\t\t\n\t\t\t\t<div class=\"et_d4_element et_pb_row et_pb_row_1  et_pb_css_mix_blend_mode et_block_row\">\n\t\t\t\t<div class=\"et_d4_element et_pb_column_1_2 et_pb_column et_pb_column_1  et_pb_css_mix_blend_mode et_block_column\">\n\t\t\t\t\n\t\t\t\t\n\t\t\t\t\n\t\t\t\t\n\t\t\t\t<div class=\"et_pb_module et_d4_element et_pb_blog_0  et_pb_css_mix_blend_mode et_pb_posts et_pb_bg_layout_light \">\n\t\t\t\t\n\t\t\t\t\n\t\t\t\t\n\t\t\t\t\n\t\t\t\t<div class=\"et_pb_ajax_pagination_container\">\n\t\t\t\t\t\n\t\t\t<article id=\"post-41759\" class=\"et_pb_post clearfix et_pb_blog_item_0_0 post-41759 post type-post status-publish format-standard has-post-thumbnail hentry category-social\">\n\n\t\t\t\t<a href=\"https:\/\/rp221.com\/?p=41759\" class=\"entry-featured-image-url\"><img loading=\"lazy\" decoding=\"async\" src=\"https:\/\/rp221.com\/wp-content\/uploads\/2026\/08\/IMG-20260816-WA0053.jpg-1-712x675.webp\" alt=\"Chers tous,\" class=\"\" width=\"1080\" height=\"675\" srcset=\"https:\/\/rp221.com\/wp-content\/uploads\/2026\/08\/IMG-20260816-WA0053.jpg-1-712x675.webp 1080w, https:\/\/rp221.com\/wp-content\/uploads\/2026\/08\/IMG-20260816-WA0053.jpg-1-480x694.webp 480w\" sizes=\"(min-width: 0px) and (max-width: 480px) 480px, (min-width: 481px) 1080px, 100vw\" \/><\/a>\n\t\t\t\t\t\t\t\t\t\t\t\t\t\t<h2 class=\"entry-title\">\n\t\t\t\t\t\t\t\t\t\t\t\t\t<a href=\"https:\/\/rp221.com\/?p=41759\">Chers tous,<\/a>\n\t\t\t\t\t\t\t\t\t\t\t<\/h2>\n\t\t\t\t\n\t\t\t\t\t<p class=\"post-meta\"><span class=\"published\">18 Ao\u00fbt 2026<\/span> | <a href=\"https:\/\/rp221.com\/?cat=43\" rel=\"tag\">Social<\/a><\/p><div class=\"post-content\"><div class=\"post-content-inner\"><p>J\u2019ai le profond regret de vous annoncer le d\u00e9c\u00e8s ce jour \u00e0 Dakar, de notre ami, fr\u00e8re et coll\u00e8gue Mamadou KASS\u00c9 , journaliste, ancien r\u00e9dacteur en chef du Soleil D\u00e9c\u00e8s survenu ce jour \u00e0 Dakar. D\u2019autres informations suivront. Prions pour lui.<\/p>\n<\/div><\/div>\t\t\t\n\t\t\t<\/article>\n\t\t\t\t\n\t\t\t<article id=\"post-41680\" class=\"et_pb_post clearfix et_pb_blog_item_0_1 post-41680 post type-post status-publish format-standard has-post-thumbnail hentry category-social\">\n\n\t\t\t\t<a href=\"https:\/\/rp221.com\/?p=41680\" class=\"entry-featured-image-url\"><img loading=\"lazy\" decoding=\"async\" src=\"https:\/\/rp221.com\/wp-content\/uploads\/2026\/08\/97643685-67986478.jpg\" alt=\"Tivaouane: C\u00e9r\u00e9monie d&rsquo;ouverture de l&rsquo;h\u00f4pital Seydi El Hadj Malick Sy&#8230;,avec une capacit\u00e9 de 300 lits, une superficie de 24.000 m2\" class=\"\" width=\"1080\" height=\"675\" srcset=\"https:\/\/rp221.com\/wp-content\/uploads\/2026\/08\/97643685-67986478.jpg 1080w, https:\/\/rp221.com\/wp-content\/uploads\/2026\/08\/97643685-67986478-480x360.jpg 480w\" sizes=\"(min-width: 0px) and (max-width: 480px) 480px, (min-width: 481px) 1080px, 100vw\" \/><\/a>\n\t\t\t\t\t\t\t\t\t\t\t\t\t\t<h2 class=\"entry-title\">\n\t\t\t\t\t\t\t\t\t\t\t\t\t<a href=\"https:\/\/rp221.com\/?p=41680\">Tivaouane: C\u00e9r\u00e9monie d&rsquo;ouverture de l&rsquo;h\u00f4pital Seydi El Hadj Malick Sy&#8230;,avec une capacit\u00e9 de 300 lits, une superficie de 24.000 m2<\/a>\n\t\t\t\t\t\t\t\t\t\t\t<\/h2>\n\t\t\t\t\n\t\t\t\t\t<p class=\"post-meta\"><span class=\"published\">10 Ao\u00fbt 2026<\/span> | <a href=\"https:\/\/rp221.com\/?cat=43\" rel=\"tag\">Social<\/a><\/p><div class=\"post-content\"><div class=\"post-content-inner\"><p>La c\u00e9r\u00e9monie d'ouverture de l'h\u00f4pital Seydi El hadj Malick Sy a \u00e9t\u00e9 paraph\u00e9e aujourd'hui par le ministre de la sant\u00e9 et de l'action sociale, le Dr Ibrahima Sy, en pr\u00e9sence du ministre des infrastructures, D\u00e9thie Fall, d'une d\u00e9l\u00e9gation du khalife g\u00e9n\u00e9ral, Serigne...<\/p>\n<\/div><\/div>\t\t\t\n\t\t\t<\/article>\n\t\t\t\t<div><div class=\"pagination clearfix\">\n\t<div class=\"alignleft\"><a href=\"https:\/\/rp221.com\/index.php?rest_route=%2Fwp%2Fv2%2Fpages%2F545&#038;paged=2&#038;et_blog\" >&laquo; Entr\u00e9es Plus Anciennes<\/a><\/div>\n\t<div class=\"alignright\"><\/div>\n<\/div><\/div><\/div>\n\t\t\t\t<\/div>\n\t\t\t\t \n\t\t\t<\/div><div class=\"et_d4_element et_pb_column_1_2 et_pb_column et_pb_column_2  et_pb_css_mix_blend_mode et-last-child et_block_column\">\n\t\t\t\t\n\t\t\t\t\n\t\t\t\t\n\t\t\t\t\n\t\t\t\t<div class=\"et_pb_module et_d4_element et_pb_blog_1  et_pb_css_mix_blend_mode et_pb_posts et_pb_bg_layout_light \">\n\t\t\t\t\n\t\t\t\t\n\t\t\t\t\n\t\t\t\t\n\t\t\t\t<div class=\"et_pb_ajax_pagination_container\">\n\t\t\t\t\t\n\t\t\t<article id=\"post-41597\" class=\"et_pb_post clearfix et_pb_blog_item_1_0 post-41597 post type-post status-publish format-standard has-post-thumbnail hentry category-social\">\n\n\t\t\t\t<a href=\"https:\/\/rp221.com\/?p=41597\" class=\"entry-featured-image-url\"><img loading=\"lazy\" decoding=\"async\" src=\"https:\/\/rp221.com\/wp-content\/uploads\/2026\/08\/WhatsApp-Image-2026-08-05-at-11.17.28-1080x675.jpeg\" alt=\"PODOR : LE NIVEAU DU FLEUVE S\u00c9N\u00c9GAL POURSUIT SA MONT\u00c9E, LES AUTORIT\u00c9S APPELLENT \u00c0 LA VIGILANCE\" class=\"\" width=\"1080\" height=\"675\" srcset=\"https:\/\/rp221.com\/wp-content\/uploads\/2026\/08\/WhatsApp-Image-2026-08-05-at-11.17.28-1080x675.jpeg 1080w, https:\/\/rp221.com\/wp-content\/uploads\/2026\/08\/WhatsApp-Image-2026-08-05-at-11.17.28-980x622.jpeg 980w, https:\/\/rp221.com\/wp-content\/uploads\/2026\/08\/WhatsApp-Image-2026-08-05-at-11.17.28-480x305.jpeg 480w\" sizes=\"(min-width: 0px) and (max-width: 480px) 480px, (min-width: 481px) and (max-width: 980px) 980px, (min-width: 981px) 1080px, 100vw\" \/><\/a>\n\t\t\t\t\t\t\t\t\t\t\t\t\t\t<h2 class=\"entry-title\">\n\t\t\t\t\t\t\t\t\t\t\t\t\t<a href=\"https:\/\/rp221.com\/?p=41597\">PODOR : LE NIVEAU DU FLEUVE S\u00c9N\u00c9GAL POURSUIT SA MONT\u00c9E, LES AUTORIT\u00c9S APPELLENT \u00c0 LA VIGILANCE<\/a>\n\t\t\t\t\t\t\t\t\t\t\t<\/h2>\n\t\t\t\t\n\t\t\t\t\t<p class=\"post-meta\"><span class=\"published\">6 Ao\u00fbt 2026<\/span> | <a href=\"https:\/\/rp221.com\/?cat=43\" rel=\"tag\">Social<\/a><\/p><div class=\"post-content\"><div class=\"post-content-inner\"><p>Le niveau du fleuve S\u00e9n\u00e9gal continue d\u2019augmenter \u00e0 Podor, o\u00f9 les autorit\u00e9s suivent de pr\u00e8s l\u2019\u00e9volution de la crue en cette p\u00e9riode d\u2019hivernage. Selon les relev\u00e9s hydrologiques effectu\u00e9s ce mercredi 5 ao\u00fbt 2026 \u00e0 8 heures \u00e0 la station de Podor (Quai El Hadj Boubou...<\/p>\n<\/div><\/div>\t\t\t\n\t\t\t<\/article>\n\t\t\t\t\n\t\t\t<article id=\"post-41514\" class=\"et_pb_post clearfix et_pb_blog_item_1_1 post-41514 post type-post status-publish format-standard has-post-thumbnail hentry category-social\">\n\n\t\t\t\t<a href=\"https:\/\/rp221.com\/?p=41514\" class=\"entry-featured-image-url\"><img loading=\"lazy\" decoding=\"async\" src=\"https:\/\/rp221.com\/wp-content\/uploads\/2026\/08\/Necrologie-Serigne-Mountakha-MBACKE-en-deuil-rappel-a-Dieu-de-sa-fille-Sokhna-Amy-Mbacke-1080x570.jpeg\" alt=\"N\u00e9crologie : Serigne Mountakha MBACK\u00c9 en deuil, rappel \u00e0 Dieu de sa fille Sokhna Amy Mback\u00e9\" class=\"\" width=\"1080\" height=\"675\" srcset=\"https:\/\/rp221.com\/wp-content\/uploads\/2026\/08\/Necrologie-Serigne-Mountakha-MBACKE-en-deuil-rappel-a-Dieu-de-sa-fille-Sokhna-Amy-Mbacke-1080x570.jpeg 1080w, https:\/\/rp221.com\/wp-content\/uploads\/2026\/08\/Necrologie-Serigne-Mountakha-MBACKE-en-deuil-rappel-a-Dieu-de-sa-fille-Sokhna-Amy-Mbacke-980x490.jpeg 980w, https:\/\/rp221.com\/wp-content\/uploads\/2026\/08\/Necrologie-Serigne-Mountakha-MBACKE-en-deuil-rappel-a-Dieu-de-sa-fille-Sokhna-Amy-Mbacke-480x240.jpeg 480w\" sizes=\"(min-width: 0px) and (max-width: 480px) 480px, (min-width: 481px) and (max-width: 980px) 980px, (min-width: 981px) 1080px, 100vw\" \/><\/a>\n\t\t\t\t\t\t\t\t\t\t\t\t\t\t<h2 class=\"entry-title\">\n\t\t\t\t\t\t\t\t\t\t\t\t\t<a href=\"https:\/\/rp221.com\/?p=41514\">N\u00e9crologie : Serigne Mountakha MBACK\u00c9 en deuil, rappel \u00e0 Dieu de sa fille Sokhna Amy Mback\u00e9<\/a>\n\t\t\t\t\t\t\t\t\t\t\t<\/h2>\n\t\t\t\t\n\t\t\t\t\t<p class=\"post-meta\"><span class=\"published\">5 Ao\u00fbt 2026<\/span> | <a href=\"https:\/\/rp221.com\/?cat=43\" rel=\"tag\">Social<\/a><\/p><div class=\"post-content\"><div class=\"post-content-inner\"><p>Triste nouvelle pour la communaut\u00e9 Mouride ! Le Khalife G\u00e9n\u00e9ral des Mourides, Serigne Mountakha Mback\u00e9 Bassirou, est endeuill\u00e9 par la disparition de l\u2019une de ses filles, Sokhna Amy Mback\u00e9, rappel\u00e9e \u00e0 Dieu, ce mercredi 5 ao\u00fbt 2026, a t-on appris de Taarou Mouride. En...<\/p>\n<\/div><\/div>\t\t\t\n\t\t\t<\/article>\n\t\t\t\t<div><div class=\"pagination clearfix\">\n\t<div class=\"alignleft\"><a href=\"https:\/\/rp221.com\/index.php?rest_route=%2Fwp%2Fv2%2Fpages%2F545&#038;paged=2&#038;et_blog\" >&laquo; Entr\u00e9es Plus Anciennes<\/a><\/div>\n\t<div class=\"alignright\"><\/div>\n<\/div><\/div><\/div>\n\t\t\t\t<\/div>\n\t\t\t\t \n\t\t\t<\/div>\n\t\t\t\t\n\t\t\t\t\n\t\t\t\t\n\t\t\t\t\n\t\t\t<\/div>\n\t\t\t\t\n\t\t\t\t\n\t\t\t<\/div><\/p>\n","protected":false},"excerpt":{"rendered":"","protected":false},"author":1,"featured_media":0,"parent":0,"menu_order":0,"comment_status":"closed","ping_status":"closed","template":"","meta":{"_et_pb_use_builder":"on","_et_pb_old_content":"","_et_gb_content_width":"","footnotes":""},"class_list":["post-545","page","type-page","status-publish","hentry"],"jetpack_sharing_enabled":true,"_links":{"self":[{"href":"https:\/\/rp221.com\/index.php?rest_route=\/wp\/v2\/pages\/545","targetHints":{"allow":["GET"]}}],"collection":[{"href":"https:\/\/rp221.com\/index.php?rest_route=\/wp\/v2\/pages"}],"about":[{"href":"https:\/\/rp221.com\/index.php?rest_route=\/wp\/v2\/types\/page"}],"author":[{"embeddable":true,"href":"https:\/\/rp221.com\/index.php?rest_route=\/wp\/v2\/users\/1"}],"replies":[{"embeddable":true,"href":"https:\/\/rp221.com\/index.php?rest_route=%2Fwp%2Fv2%2Fcomments&post=545"}],"version-history":[{"count":0,"href":"https:\/\/rp221.com\/index.php?rest_route=\/wp\/v2\/pages\/545\/revisions"}],"wp:attachment":[{"href":"https:\/\/rp221.com\/index.php?rest_route=%2Fwp%2Fv2%2Fmedia&parent=545"}],"curies":[{"name":"wp","href":"https:\/\/api.w.org\/{rel}","templated":true}]}}

<p><div class="et_d4_element et_pb_section et_pb_section_0 et_pb_with_background  et_pb_css_mix_blend_mode et_section_regular et_block_section" >
				
				
				
				
				
				
				<div class="et_d4_element et_pb_row et_pb_row_0  et_pb_css_mix_blend_mode et_block_row">
				<div class="et_d4_element et_pb_column_4_4 et_pb_column et_pb_column_0  et_pb_css_mix_blend_mode et-last-child et_block_column">
				
				
				
				
				<div class="et_pb_module et_d4_element et_pb_text et_pb_text_0  et_pb_text_align_left et_pb_bg_layout_light">
				
				
				
				
				<div class="et_pb_text_inner"><h2 style="text-align: center;"><em><span style="color: #ffffff;">Votre temps est précieux, lisez l'essentiel de l'actualité sur rp221.com</span></em></h2></div>
			</div>
			</div>
				
				
				
				
			</div>
				
				
			</div><div class="et_d4_element et_pb_section et_pb_section_1  et_pb_css_mix_blend_mode et_section_regular et_block_section" >
				
				
				
				
				
				
				<div class="et_d4_element et_pb_row et_pb_row_1  et_pb_css_mix_blend_mode et_block_row">
				<div class="et_d4_element et_pb_column_1_2 et_pb_column et_pb_column_1  et_pb_css_mix_blend_mode et_block_column">
				
				
				
				
				<div class="et_pb_module et_d4_element et_pb_blog_0  et_pb_css_mix_blend_mode et_pb_posts et_pb_bg_layout_light ">
				
				
				
				
				<div class="et_pb_ajax_pagination_container">
					
			<article id="post-41759" class="et_pb_post clearfix et_pb_blog_item_0_0 post-41759 post type-post status-publish format-standard has-post-thumbnail hentry category-social">

				<a href="https://rp221.com/?p=41759" class="entry-featured-image-url"><img loading="lazy" decoding="async" src="https://rp221.com/wp-content/uploads/2026/08/IMG-20260816-WA0053.jpg-1-712x675.webp" alt="Chers tous," class="" width="1080" height="675" srcset="https://rp221.com/wp-content/uploads/2026/08/IMG-20260816-WA0053.jpg-1-712x675.webp 1080w, https://rp221.com/wp-content/uploads/2026/08/IMG-20260816-WA0053.jpg-1-480x694.webp 480w" sizes="(min-width: 0px) and (max-width: 480px) 480px, (min-width: 481px) 1080px, 100vw" /></a>
														<h2 class="entry-title">
													<a href="https://rp221.com/?p=41759">Chers tous,</a>
											</h2>
				
					<p class="post-meta"><span class="published">18 Août 2026</span> | <a href="https://rp221.com/?cat=43" rel="tag">Social</a></p><div class="post-content"><div class="post-content-inner"><p>J’ai le profond regret de vous annoncer le décès ce jour à Dakar, de notre ami, frère et collègue Mamadou KASSÉ , journaliste, ancien rédacteur en chef du Soleil Décès survenu ce jour à Dakar. D’autres informations suivront. Prions pour lui.</p>
</div></div>			
			</article>
				
			<article id="post-41680" class="et_pb_post clearfix et_pb_blog_item_0_1 post-41680 post type-post status-publish format-standard has-post-thumbnail hentry category-social">

				<a href="https://rp221.com/?p=41680" class="entry-featured-image-url"><img loading="lazy" decoding="async" src="https://rp221.com/wp-content/uploads/2026/08/97643685-67986478.jpg" alt="Tivaouane: Cérémonie d&rsquo;ouverture de l&rsquo;hôpital Seydi El Hadj Malick Sy&#8230;,avec une capacité de 300 lits, une superficie de 24.000 m2" class="" width="1080" height="675" srcset="https://rp221.com/wp-content/uploads/2026/08/97643685-67986478.jpg 1080w, https://rp221.com/wp-content/uploads/2026/08/97643685-67986478-480x360.jpg 480w" sizes="(min-width: 0px) and (max-width: 480px) 480px, (min-width: 481px) 1080px, 100vw" /></a>
														<h2 class="entry-title">
													<a href="https://rp221.com/?p=41680">Tivaouane: Cérémonie d&rsquo;ouverture de l&rsquo;hôpital Seydi El Hadj Malick Sy&#8230;,avec une capacité de 300 lits, une superficie de 24.000 m2</a>
											</h2>
				
					<p class="post-meta"><span class="published">10 Août 2026</span> | <a href="https://rp221.com/?cat=43" rel="tag">Social</a></p><div class="post-content"><div class="post-content-inner"><p>La cérémonie d'ouverture de l'hôpital Seydi El hadj Malick Sy a été paraphée aujourd'hui par le ministre de la santé et de l'action sociale, le Dr Ibrahima Sy, en présence du ministre des infrastructures, Déthie Fall, d'une délégation du khalife général, Serigne...</p>
</div></div>			
			</article>
				<div><div class="pagination clearfix">
	<div class="alignleft"><a href="https://rp221.com/index.php?rest_route=%2Fwp%2Fv2%2Fpages%2F545&#038;paged=2&#038;et_blog" >&laquo; Entrées Plus Anciennes</a></div>
	<div class="alignright"></div>
</div></div></div>
				</div>
				 
			</div><div class="et_d4_element et_pb_column_1_2 et_pb_column et_pb_column_2  et_pb_css_mix_blend_mode et-last-child et_block_column">
				
				
				
				
				<div class="et_pb_module et_d4_element et_pb_blog_1  et_pb_css_mix_blend_mode et_pb_posts et_pb_bg_layout_light ">
				
				
				
				
				<div class="et_pb_ajax_pagination_container">
					
			<article id="post-41597" class="et_pb_post clearfix et_pb_blog_item_1_0 post-41597 post type-post status-publish format-standard has-post-thumbnail hentry category-social">

				<a href="https://rp221.com/?p=41597" class="entry-featured-image-url"><img loading="lazy" decoding="async" src="https://rp221.com/wp-content/uploads/2026/08/WhatsApp-Image-2026-08-05-at-11.17.28-1080x675.jpeg" alt="PODOR : LE NIVEAU DU FLEUVE SÉNÉGAL POURSUIT SA MONTÉE, LES AUTORITÉS APPELLENT À LA VIGILANCE" class="" width="1080" height="675" srcset="https://rp221.com/wp-content/uploads/2026/08/WhatsApp-Image-2026-08-05-at-11.17.28-1080x675.jpeg 1080w, https://rp221.com/wp-content/uploads/2026/08/WhatsApp-Image-2026-08-05-at-11.17.28-980x622.jpeg 980w, https://rp221.com/wp-content/uploads/2026/08/WhatsApp-Image-2026-08-05-at-11.17.28-480x305.jpeg 480w" sizes="(min-width: 0px) and (max-width: 480px) 480px, (min-width: 481px) and (max-width: 980px) 980px, (min-width: 981px) 1080px, 100vw" /></a>
														<h2 class="entry-title">
													<a href="https://rp221.com/?p=41597">PODOR : LE NIVEAU DU FLEUVE SÉNÉGAL POURSUIT SA MONTÉE, LES AUTORITÉS APPELLENT À LA VIGILANCE</a>
											</h2>
				
					<p class="post-meta"><span class="published">6 Août 2026</span> | <a href="https://rp221.com/?cat=43" rel="tag">Social</a></p><div class="post-content"><div class="post-content-inner"><p>Le niveau du fleuve Sénégal continue d’augmenter à Podor, où les autorités suivent de près l’évolution de la crue en cette période d’hivernage. Selon les relevés hydrologiques effectués ce mercredi 5 août 2026 à 8 heures à la station de Podor (Quai El Hadj Boubou...</p>
</div></div>			
			</article>
				
			<article id="post-41514" class="et_pb_post clearfix et_pb_blog_item_1_1 post-41514 post type-post status-publish format-standard has-post-thumbnail hentry category-social">

				<a href="https://rp221.com/?p=41514" class="entry-featured-image-url"><img loading="lazy" decoding="async" src="https://rp221.com/wp-content/uploads/2026/08/Necrologie-Serigne-Mountakha-MBACKE-en-deuil-rappel-a-Dieu-de-sa-fille-Sokhna-Amy-Mbacke-1080x570.jpeg" alt="Nécrologie : Serigne Mountakha MBACKÉ en deuil, rappel à Dieu de sa fille Sokhna Amy Mbacké" class="" width="1080" height="675" srcset="https://rp221.com/wp-content/uploads/2026/08/Necrologie-Serigne-Mountakha-MBACKE-en-deuil-rappel-a-Dieu-de-sa-fille-Sokhna-Amy-Mbacke-1080x570.jpeg 1080w, https://rp221.com/wp-content/uploads/2026/08/Necrologie-Serigne-Mountakha-MBACKE-en-deuil-rappel-a-Dieu-de-sa-fille-Sokhna-Amy-Mbacke-980x490.jpeg 980w, https://rp221.com/wp-content/uploads/2026/08/Necrologie-Serigne-Mountakha-MBACKE-en-deuil-rappel-a-Dieu-de-sa-fille-Sokhna-Amy-Mbacke-480x240.jpeg 480w" sizes="(min-width: 0px) and (max-width: 480px) 480px, (min-width: 481px) and (max-width: 980px) 980px, (min-width: 981px) 1080px, 100vw" /></a>
														<h2 class="entry-title">
													<a href="https://rp221.com/?p=41514">Nécrologie : Serigne Mountakha MBACKÉ en deuil, rappel à Dieu de sa fille Sokhna Amy Mbacké</a>
											</h2>
				
					<p class="post-meta"><span class="published">5 Août 2026</span> | <a href="https://rp221.com/?cat=43" rel="tag">Social</a></p><div class="post-content"><div class="post-content-inner"><p>Triste nouvelle pour la communauté Mouride ! Le Khalife Général des Mourides, Serigne Mountakha Mbacké Bassirou, est endeuillé par la disparition de l’une de ses filles, Sokhna Amy Mbacké, rappelée à Dieu, ce mercredi 5 août 2026, a t-on appris de Taarou Mouride. En...</p>
</div></div>			
			</article>
				<div><div class="pagination clearfix">
	<div class="alignleft"><a href="https://rp221.com/index.php?rest_route=%2Fwp%2Fv2%2Fpages%2F545&#038;paged=2&#038;et_blog" >&laquo; Entrées Plus Anciennes</a></div>
	<div class="alignright"></div>
</div></div></div>
				</div>
				 
			</div>
				
				
				
				
			</div>
				
				
			</div></p>
